{"id":34,"date":"2021-02-19T15:17:50","date_gmt":"2021-02-19T15:17:50","guid":{"rendered":"https:\/\/bibelblogplus.ch\/?page_id=34"},"modified":"2021-02-19T15:17:50","modified_gmt":"2021-02-19T15:17:50","slug":"position-und-funktion-der-bergpredigt-im-matthaeus-evangelium","status":"publish","type":"page","link":"https:\/\/bibelblogplus.ch\/index.php\/position-und-funktion-der-bergpredigt-im-matthaeus-evangelium\/","title":{"rendered":"Position und Funktion der Bergpredigt im Matth\u00e4us-Evangelium"},"content":{"rendered":"\n<p>Es wird sich zeigen, dass die Bergpredigt eigentlich weniger eine Predigt als vielmehr eine Lehre ist. Neuzeitliche Auslegungen betonen zu Recht ihren j\u00fcdischen Hintergrund, ihre Einbettung in j\u00fcdische Schriftauslegung. Jesus war Jude und seine Theologie, seine Lehre, haben deshalb durchaus ein \u201cj\u00fcdisches Profil\u201d (Wengst, a.a.O. S. 22). Man kann die Bergpredigt oder -lehre verstehen als Auslegung der Tora (des j\u00fcdischen Gesetzes) auf Jesus hin. Susanne Schmid f\u00fchrt im Vorwort ihrer Auslegung sogar pointiert aus, dass es im Neuen Testament eigentlich nicht um wesentlich Neues gehe. Das ist vielleicht in dieser Absolutheit etwas zu steil formuliert, aber ein Vergleich von Matth\u00e4us 3, 2 mit 4, 17 zeigt immerhin, dass der Anfang der Wirksamkeit von Jesus mit exakt den gleichen Worten zusammenfassend beschrieben wird wie die seines Vorl\u00e4ufers Johannes des T\u00e4ufers, dass somit \u201cMatth\u00e4us offenbar nicht der Meinung war, Jesus m\u00fcsse in &nbsp;jeder Hinsicht originell gewesen sein.\u201d (Wengst, a.a.O. S. 17)<\/p>\n\n\n\n<p>Innerhalb des Matth\u00e4us-Evangeliums stellt die Bergpredigt eine erste von insgesamt f\u00fcnf Redeeinheiten dar. Es kann gut sein, dass die Bergpredigt dabei nicht quasi die Abschrift einer einzigen Rede von Jesus ist, sondern eine Sammlung von Thesen verschiedener Lehgespr\u00e4che, die Jesus gef\u00fchrt hat.<\/p>\n\n\n\n<p>Sie wird eingerahmt von zwei summarischen Zusammenfassungen 4, 23-25 und 9, 35, wo zum Teil wieder in fast w\u00f6rtlichen \u00dcbereinstimmungen das Wirken von Jesus zusammengefasst wird. Es besteht im Wesentlichen aus den beiden Polen des Lehrens und des heilenden und helfenden Wirkens. Die Lehre wird dargelegt in den Kapiteln 5-7, also eben der Bergpredigt, w\u00e4hrend in Kapitel 8-9 Heilungsgeschichten berichtet werden. Beides, Lehren und Heilen wird beispielhaft und nicht abschliessend abgehandelt an diesen Stellen, aber zum Verk\u00fcndigen des Evangeliums geh\u00f6rt beides dazu. Jesus ist also weder als abstrakter Theoretiker aufgetreten noch als bindungslos freischwebender Praktiker. Er war ein Messias (Retter) in Wort und Tat.<\/p>\n\n\n\n<p>Eine wichtige Frage, welche die Christenheit jeder Generation wieder neu besch\u00e4ftigt hat, ist die nach der Erf\u00fcllbarkeit ihrer Forderungen: Kann, was da von Jesus verlangt wird, von den Menschen erf\u00fcllt werden? Und wenn prinzipiell ja, von allen oder nur von bestimmten, von denen, die an Jesus glauben oder vielleicht unter ihnen auch nur von besonders \u201cheiligen\u201d? Oder stellt die Bergpredigt so etwas wie einen \u201cS\u00fcndenspiegel\u201d dar, der unsere Erl\u00f6sungsbed\u00fcrftigkeit herausstellen will? &#8211; Wir werden im Laufe der Auslegung bestimmt immer wieder mit dieser Frage konfrontiert werden. Grunds\u00e4tzlich, im Sinne einer anf\u00e4nglichen These, teile ich die Ansicht jener, die der Meinung sind, dass das, was Jesus lehrt, grunds\u00e4tzlich auch getan werden soll und kann. Das legen nicht zuletzt die letzten Worte des auferstandenen Jesus vor seiner Himmelfahrt an seine J\u00fcnger nahe: \u201cGeht nun hin und macht alle V\u00f6lker zu J\u00fcngern: Tauft sie auf den Namen des Vaters und des Sohnes und des heiligen Geistes, und lehrt sie alles halten, was ich euch geboten habe.\u201d Matth\u00e4us 28, 19-20a. Was er geboten hat, findet sich zu wesentlichen Teilen in der Bergpredigt. Dass dieses Tun nicht immer gelingt und wir zeitlebens auf Vergebung angewiesen bleiben, scheint mir auch klar. Das unterstreicht m.E. auch die Bitte um Vergebung im Unser-Vater-Gebet, welches im Zentrum der Bergpredigt steht.<\/p>\n\n\n\n<p>Dass die Bergpredigt in erster Linie an die J\u00fcnger bzw. Sch\u00fcler und Sch\u00fclerinnen von Jesus und dann an die christliche Gemeinde gerichtet ist, wird wohl von wenigen bestritten. Mir scheint aber im Anschluss an namhafte Exegeten hier nicht nur eine \u201cBinnenethik\u201d vorzuliegen, sondern indirekt auch die \u201cWelt\u201d ausserhalb der Kirche im Blick zu sein. Wir werden dies im Einzelnen pr\u00fcfen m\u00fcssen.<\/p>\n","protected":false},"excerpt":{"rendered":"<p>Es wird sich zeigen, dass die Bergpredigt eigentlich weniger eine Predigt als vielmehr eine Lehre ist. Neuzeitliche Auslegungen betonen zu Recht ihren j\u00fcdischen Hintergrund, ihre Einbettung in j\u00fcdische Schriftauslegung. Jesus war Jude und seine Theologie, seine Lehre, haben deshalb durchaus ein \u201cj\u00fcdisches Profil\u201d (Wengst, a.a.O. S. 22). Man kann die Bergpredigt oder -lehre verstehen als [&hellip;]<\/p>\n","protected":false},"author":1,"featured_media":0,"parent":0,"menu_order":0,"comment_status":"closed","ping_status":"closed","template":"","meta":{"footnotes":""},"class_list":["post-34","page","type-page","status-publish","hentry"],"jetpack_sharing_enabled":true,"_links":{"self":[{"href":"https:\/\/bibelblogplus.ch\/index.php\/wp-json\/wp\/v2\/pages\/34","targetHints":{"allow":["GET"]}}],"collection":[{"href":"https:\/\/bibelblogplus.ch\/index.php\/wp-json\/wp\/v2\/pages"}],"about":[{"href":"https:\/\/bibelblogplus.ch\/index.php\/wp-json\/wp\/v2\/types\/page"}],"author":[{"embeddable":true,"href":"https:\/\/bibelblogplus.ch\/index.php\/wp-json\/wp\/v2\/users\/1"}],"replies":[{"embeddable":true,"href":"https:\/\/bibelblogplus.ch\/index.php\/wp-json\/wp\/v2\/comments?post=34"}],"version-history":[{"count":1,"href":"https:\/\/bibelblogplus.ch\/index.php\/wp-json\/wp\/v2\/pages\/34\/revisions"}],"predecessor-version":[{"id":35,"href":"https:\/\/bibelblogplus.ch\/index.php\/wp-json\/wp\/v2\/pages\/34\/revisions\/35"}],"wp:attachment":[{"href":"https:\/\/bibelblogplus.ch\/index.php\/wp-json\/wp\/v2\/media?parent=34"}],"curies":[{"name":"wp","href":"https:\/\/api.w.org\/{rel}","templated":true}]}}

Position und Funktion der Bergpredigt im Matthäus-Evangelium

<p>Es wird sich zeigen, dass die Bergpredigt eigentlich weniger eine Predigt als vielmehr eine Lehre ist. Neuzeitliche Auslegungen betonen zu Recht ihren jüdischen Hintergrund, ihre Einbettung in jüdische Schriftauslegung. Jesus war Jude und seine Theologie, seine Lehre, haben deshalb durchaus ein “jüdisches Profil” (Wengst, a.a.O. S. 22). Man kann die Bergpredigt oder -lehre verstehen als Auslegung der Tora (des jüdischen Gesetzes) auf Jesus hin. Susanne Schmid führt im Vorwort ihrer Auslegung sogar pointiert aus, dass es im Neuen Testament eigentlich nicht um wesentlich Neues gehe. Das ist vielleicht in dieser Absolutheit etwas zu steil formuliert, aber ein Vergleich von Matthäus 3, 2 mit 4, 17 zeigt immerhin, dass der Anfang der Wirksamkeit von Jesus mit exakt den gleichen Worten zusammenfassend beschrieben wird wie die seines Vorläufers Johannes des Täufers, dass somit “Matthäus offenbar nicht der Meinung war, Jesus müsse in &nbsp;jeder Hinsicht originell gewesen sein.” (Wengst, a.a.O. S. 17)</p>



<p>Innerhalb des Matthäus-Evangeliums stellt die Bergpredigt eine erste von insgesamt fünf Redeeinheiten dar. Es kann gut sein, dass die Bergpredigt dabei nicht quasi die Abschrift einer einzigen Rede von Jesus ist, sondern eine Sammlung von Thesen verschiedener Lehgespräche, die Jesus geführt hat.</p>



<p>Sie wird eingerahmt von zwei summarischen Zusammenfassungen 4, 23-25 und 9, 35, wo zum Teil wieder in fast wörtlichen Übereinstimmungen das Wirken von Jesus zusammengefasst wird. Es besteht im Wesentlichen aus den beiden Polen des Lehrens und des heilenden und helfenden Wirkens. Die Lehre wird dargelegt in den Kapiteln 5-7, also eben der Bergpredigt, während in Kapitel 8-9 Heilungsgeschichten berichtet werden. Beides, Lehren und Heilen wird beispielhaft und nicht abschliessend abgehandelt an diesen Stellen, aber zum Verkündigen des Evangeliums gehört beides dazu. Jesus ist also weder als abstrakter Theoretiker aufgetreten noch als bindungslos freischwebender Praktiker. Er war ein Messias (Retter) in Wort und Tat.</p>



<p>Eine wichtige Frage, welche die Christenheit jeder Generation wieder neu beschäftigt hat, ist die nach der Erfüllbarkeit ihrer Forderungen: Kann, was da von Jesus verlangt wird, von den Menschen erfüllt werden? Und wenn prinzipiell ja, von allen oder nur von bestimmten, von denen, die an Jesus glauben oder vielleicht unter ihnen auch nur von besonders “heiligen”? Oder stellt die Bergpredigt so etwas wie einen “Sündenspiegel” dar, der unsere Erlösungsbedürftigkeit herausstellen will? &#8211; Wir werden im Laufe der Auslegung bestimmt immer wieder mit dieser Frage konfrontiert werden. Grundsätzlich, im Sinne einer anfänglichen These, teile ich die Ansicht jener, die der Meinung sind, dass das, was Jesus lehrt, grundsätzlich auch getan werden soll und kann. Das legen nicht zuletzt die letzten Worte des auferstandenen Jesus vor seiner Himmelfahrt an seine Jünger nahe: “Geht nun hin und macht alle Völker zu Jüngern: Tauft sie auf den Namen des Vaters und des Sohnes und des heiligen Geistes, und lehrt sie alles halten, was ich euch geboten habe.” Matthäus 28, 19-20a. Was er geboten hat, findet sich zu wesentlichen Teilen in der Bergpredigt. Dass dieses Tun nicht immer gelingt und wir zeitlebens auf Vergebung angewiesen bleiben, scheint mir auch klar. Das unterstreicht m.E. auch die Bitte um Vergebung im Unser-Vater-Gebet, welches im Zentrum der Bergpredigt steht.</p>



<p>Dass die Bergpredigt in erster Linie an die Jünger bzw. Schüler und Schülerinnen von Jesus und dann an die christliche Gemeinde gerichtet ist, wird wohl von wenigen bestritten. Mir scheint aber im Anschluss an namhafte Exegeten hier nicht nur eine “Binnenethik” vorzuliegen, sondern indirekt auch die “Welt” ausserhalb der Kirche im Blick zu sein. Wir werden dies im Einzelnen prüfen müssen.</p>

<p>Es wird sich zeigen, dass die Bergpredigt eigentlich weniger eine Predigt als vielmehr eine Lehre ist. Neuzeitliche Auslegungen betonen zu Recht ihren jüdischen Hintergrund, ihre Einbettung in jüdische Schriftauslegung. Jesus war Jude und seine Theologie, seine Lehre, haben deshalb durchaus ein “jüdisches Profil” (Wengst, a.a.O. S. 22). Man kann die Bergpredigt oder -lehre verstehen als [&hellip;]</p>
